{"id":1749,"date":"2017-04-24T15:21:44","date_gmt":"2017-04-24T12:21:44","guid":{"rendered":"http:\/\/we24.gr\/isideris\/?post_type=product&#038;p=1749"},"modified":"2022-05-03T13:57:19","modified_gmt":"2022-05-03T10:57:19","slug":"i-evropi-se-krisi","status":"publish","type":"product","link":"https:\/\/isideris.gr\/?product=i-evropi-se-krisi","title":{"rendered":"\u0397 \u0395\u03c5\u03c1\u03ce\u03c0\u03b7 \u03c3\u03b5 \u03ba\u03c1\u03af\u03c3\u03b7"},"content":{"rendered":"<h4>\u0391\u03bd\u03ac\u00b5\u03b5\u03c3\u03b1 \u03c3\u03b5 \u0394\u03af\u03ba\u03b1\u03b9\u03bf \u03ba\u03b1\u03b9 \u03a0\u03bf\u03bb\u03b9\u03c4\u03b9\u03ba\u03ae<\/h4>\n<p><a href=\"http:\/\/we24.gr\/isideris\/antonis-metaxas\/\">\u0391\u03bd\u03c4\u03ce\u03bd\u03b7\u03c2 \u039c\u03b5\u03c4\u03b1\u03be\u03ac\u03c2<\/a><\/p>\n<div class=\"product-description\">\n<p>\u0395\u03c0\u03b9\u00b5\u03ad\u03bb\u03b5\u03b9\u03b1 \u03b5\u03bb\u03bb\u03b7\u03bd\u03b9\u03ba\u03ae\u03c2 \u03b1\u03c0\u03cc\u03b4\u03bf\u03c3\u03b7\u03c2 \u03ba\u03b5\u03b9\u00b5\u03ad\u03bd\u03bf\u03c5 I. Pernice: \u03a7\u03c1\u03ae\u03c3\u03c4\u03bf\u03c2 \u039a\u03b1\u03c4\u03c3\u03b9\u03bf\u03cd\u03bb\u03b7\u03c2<\/p>\n<p>\u03a4\u03bf \u03b4\u03af\u03ba\u03b1\u03b9\u03bf \u03c9\u03c2 \u03b1\u03c0\u03bf\u03c4\u03ad\u03bb\u03b5\u03c3\u03bc\u03b1 \u03c4\u03b7\u03c2 \u03af\u03b4\u03b9\u03b1\u03c2 \u03c4\u03b7\u03c2 \u03c0\u03bf\u03bb\u03b9\u03c4\u03b9\u03ba\u03ae\u03c2 \u03b4\u03b9\u03b1\u03b4\u03b9\u03ba\u03b1\u03c3\u03af\u03b1\u03c2 \u03bf\u03c6\u03b5\u03af\u03bb\u03b5\u03b9 \u03bd\u03b1 \u03b1\u03bd\u03b1\u03b3\u03bd\u03c9\u03c1\u03af\u03c3\u03b5\u03b9 \u03b5\u03ba \u03bd\u03ad\u03bf\u03c5 \u03c4\u03b7\u03bd \u03b1\u03bd\u03b1\u03b9\u03c1\u03b5\u03c3\u03b9\u03bc\u03cc\u03c4\u03b7\u03c4\u03b1 \u03ba\u03b1\u03b9 \u03c4\u03b7\u03bd \u03b5\u03bd \u03b4\u03c5\u03bd\u03ac\u03bc\u03b5\u03b9 \u03bc\u03b5\u03c4\u03b1\u03b2\u03bb\u03b7\u03c4\u03cc\u03c4\u03b7\u03c4\u03b1 \u03ba\u03b1\u03b9 \u03b9\u03c3\u03c4\u03bf\u03c1\u03b9\u03ba\u03cc\u03c4\u03b7\u03c4\u03b1 \u03c4\u03c9\u03bd \u03c0\u03bf\u03bb\u03b9\u03c4\u03b9\u03ba\u03bf-\u03bd\u03bf\u03bc\u03b9\u03ba\u03ce\u03bd \u03b4\u03b9\u03b1\u03ba\u03c5\u03b2\u03b5\u03c5\u03bc\u03ac\u03c4\u03c9\u03bd \u03ba\u03b1\u03b9 \u03b1\u03c0\u03bf\u03c6\u03ac\u03c3\u03b5\u03c9\u03bd. \u0397 \u03bf\u03c5\u03c3\u03b9\u03b1\u03c3\u03c4\u03b9\u03ba\u03ae \u03c5\u03c0\u03bf\u03bd\u03cc\u03bc\u03b5\u03c5\u03c3\u03b7 \u03c4\u03b7\u03c2 \u03b4\u03b7\u03bc\u03bf\u03ba\u03c1\u03b1\u03c4\u03af\u03b1\u03c2 \u03b5\u03bb\u03bb\u03bf\u03c7\u03b5\u03cd\u03b5\u03b9 \u03cc\u03c4\u03b1\u03bd \u03b1\u03af\u03c1\u03b5\u03c4\u03b1\u03b9 \u03b1\u03c5\u03c4\u03ae \u03b7 \u03b4\u03b9\u03b1\u03c0\u03b5\u03c1\u03b1\u03c4\u03cc\u03c4\u03b7\u03c4\u03b1 \u03c4\u03c9\u03bd \u03c0\u03bf\u03bb\u03b9\u03c4\u03b9\u03ba\u03ce\u03bd \u03c3\u03c7\u03ad\u03c3\u03b5\u03c9\u03bd, \u03bc\u03b5 \u03bc\u03b9\u03b1 \u03c6\u03c1\u03ac\u03c3\u03b7: \u03cc\u03c4\u03b1\u03bd \u03b1\u03af\u03c1\u03b5\u03c4\u03b1\u03b9 \u03b7 \u03c0\u03bf\u03bb\u03b9\u03c4\u03b9\u03ba\u03ae \u03c0\u03bf\u03b9\u03cc\u03c4\u03b7\u03c4\u03b1 \u03c4\u03bf\u03c5 \u03b4\u03b9\u03ba\u03b1\u03af\u03bf\u03c5. \u03a3\u03af\u03b3\u03bf\u03c5\u03c1\u03bf \u03b5\u03af\u03bd\u03b1\u03b9 \u03b5\u03bd\u03c4\u03bf\u03cd\u03c4\u03bf\u03b9\u03c2 \u03cc\u03c4\u03b9 \u03b4\u03b5\u03bd \u03c5\u03c6\u03af\u03c3\u03c4\u03b1\u03c4\u03b1\u03b9 \u03b4\u03b9\u03ad\u03be\u03bf\u03b4\u03bf\u03c2 \u03b1\u03c0\u03cc \u03c4\u03b7\u03bd \u03c0\u03bf\u03bb\u03cd\u03c0\u03bb\u03b5\u03c5\u03c1\u03b7 \u03ba\u03c1\u03af\u03c3\u03b7 \u03c4\u03b7\u03c2 \u0388\u03bd\u03c9\u03c3\u03b7\u03c2 \u03c7\u03c9\u03c1\u03af\u03c2 \u03c4\u03b7\u03bd \u03b5\u03c0\u03b1\u03bd\u03b1\u03b6\u03c9\u03bf\u03b3\u03cc\u03bd\u03b7\u03c3\u03b7 \u03c4\u03b7\u03c2 \u03b4\u03b7\u03bc\u03bf\u03ba\u03c1\u03b1\u03c4\u03b9\u03ba\u03ae\u03c2 \u03c4\u03b7\u03c2 \u03c3\u03c5\u03bd\u03c4\u03b1\u03b3\u03bc\u03b1\u03c4\u03bf\u03c0\u03bf\u03af\u03b7\u03c3\u03b7\u03c2.<\/p>\n<p>Das Recht selbst als Resultat des politischen Prozesses gewinnt seinen politischen Gehalt indem es genau diese \u00c4nderbarkeit, Gestaltbarkeit und immanente Unbestimmtheit politisch-rechtlicher Fragen anerkennt. Es ist zutreffend formuliert worden, da\u00df Demokratie immer dann in Gefahr sei, wenn \u00abdieses Grundverst\u00e4ndnis von der Kontingenz, der \u00c4nderbarkeit und der Offenheit der politischen Verh\u00e4ltnisse, kurz: der politischen Qualit\u00e4t des Rechts, verloren geht\u00bb. Es liegt also auf der Hand, da\u00df es gerade heute so wichtig ist, den Konstitutionalisierungsprozess der Europ\u00e4ischen Union wiederzubeleben und offen \u00fcber die Notwendigkeit und den Inhalt einer europ\u00e4ischen Verfassungsidentit\u00e4t zu diskutieren.<\/p>\n<\/div>\n<div class=\"product-fields\">\n<div class=\"product-field product-field-type-S\"><span class=\"product-fields-title\">ISBN<\/span> <span class=\"product-field-display\">9789600806854<\/span><\/div>\n<div class=\"product-field product-field-type-S\"><span class=\"product-fields-title\">\u0394\u03b9\u03b1\u03c3\u03c4\u03ac\u03c3\u03b5\u03b9\u03c2 (cm)<\/span> <span class=\"product-field-display\">14&#215;21<\/span><\/div>\n<div class=\"product-field product-field-type-I\"><span class=\"product-fields-title\">\u0391\u03c1\u03b9\u03b8\u03bc\u03cc\u03c2 \u03a3\u03b5\u03bb\u03af\u03b4\u03c9\u03bd<\/span> <span class=\"product-field-display\">120<\/span><\/div>\n<div class=\"product-field product-field-type-S\"><span class=\"product-fields-title\">\u0388\u03c4\u03bf\u03c2 \u0388\u03ba\u03b4\u03bf\u03c3\u03b7\u03c2<\/span> <span class=\"product-field-display\">2015<\/span><\/div>\n<\/div>\n<p>&nbsp;<\/p>\n","protected":false},"excerpt":{"rendered":"<h4>\u0391\u03bd\u03ac\u00b5\u03b5\u03c3\u03b1 \u03c3\u03b5 \u0394\u03af\u03ba\u03b1\u03b9\u03bf \u03ba\u03b1\u03b9 \u03a0\u03bf\u03bb\u03b9\u03c4\u03b9\u03ba\u03ae<\/h4>\n<p><a href=\"http:\/\/we24.gr\/isideris\/antonis-metaxas\/\">\u0391\u03bd\u03c4\u03ce\u03bd\u03b7\u03c2 \u039c\u03b5\u03c4\u03b1\u03be\u03ac\u03c2<\/a><\/p>\n<div class=\"product-description\">\n<p>\u0395\u03c0\u03b9\u00b5\u03ad\u03bb\u03b5\u03b9\u03b1 \u03b5\u03bb\u03bb\u03b7\u03bd\u03b9\u03ba\u03ae\u03c2 \u03b1\u03c0\u03cc\u03b4\u03bf\u03c3\u03b7\u03c2 \u03ba\u03b5\u03b9\u00b5\u03ad\u03bd\u03bf\u03c5 I. Pernice: \u03a7\u03c1\u03ae\u03c3\u03c4\u03bf\u03c2 \u039a\u03b1\u03c4\u03c3\u03b9\u03bf\u03cd\u03bb\u03b7\u03c2<\/p>\n<p>\u03a4\u03bf \u03b4\u03af\u03ba\u03b1\u03b9\u03bf \u03c9\u03c2 \u03b1\u03c0\u03bf\u03c4\u03ad\u03bb\u03b5\u03c3\u03bc\u03b1 \u03c4\u03b7\u03c2 \u03af\u03b4\u03b9\u03b1\u03c2 \u03c4\u03b7\u03c2 \u03c0\u03bf\u03bb\u03b9\u03c4\u03b9\u03ba\u03ae\u03c2 \u03b4\u03b9\u03b1\u03b4\u03b9\u03ba\u03b1\u03c3\u03af\u03b1\u03c2 \u03bf\u03c6\u03b5\u03af\u03bb\u03b5\u03b9 \u03bd\u03b1 \u03b1\u03bd\u03b1\u03b3\u03bd\u03c9\u03c1\u03af\u03c3\u03b5\u03b9 \u03b5\u03ba \u03bd\u03ad\u03bf\u03c5 \u03c4\u03b7\u03bd \u03b1\u03bd\u03b1\u03b9\u03c1\u03b5\u03c3\u03b9\u03bc\u03cc\u03c4\u03b7\u03c4\u03b1 \u03ba\u03b1\u03b9 \u03c4\u03b7\u03bd \u03b5\u03bd \u03b4\u03c5\u03bd\u03ac\u03bc\u03b5\u03b9 \u03bc\u03b5\u03c4\u03b1\u03b2\u03bb\u03b7\u03c4\u03cc\u03c4\u03b7\u03c4\u03b1 \u03ba\u03b1\u03b9 \u03b9\u03c3\u03c4\u03bf\u03c1\u03b9\u03ba\u03cc\u03c4\u03b7\u03c4\u03b1 \u03c4\u03c9\u03bd \u03c0\u03bf\u03bb\u03b9\u03c4\u03b9\u03ba\u03bf-\u03bd\u03bf\u03bc\u03b9\u03ba\u03ce\u03bd \u03b4\u03b9\u03b1\u03ba\u03c5\u03b2\u03b5\u03c5\u03bc\u03ac\u03c4\u03c9\u03bd \u03ba\u03b1\u03b9 \u03b1\u03c0\u03bf\u03c6\u03ac\u03c3\u03b5\u03c9\u03bd. \u0397 \u03bf\u03c5\u03c3\u03b9\u03b1\u03c3\u03c4\u03b9\u03ba\u03ae \u03c5\u03c0\u03bf\u03bd\u03cc\u03bc\u03b5\u03c5\u03c3\u03b7 \u03c4\u03b7\u03c2 \u03b4\u03b7\u03bc\u03bf\u03ba\u03c1\u03b1\u03c4\u03af\u03b1\u03c2 \u03b5\u03bb\u03bb\u03bf\u03c7\u03b5\u03cd\u03b5\u03b9 \u03cc\u03c4\u03b1\u03bd \u03b1\u03af\u03c1\u03b5\u03c4\u03b1\u03b9 \u03b1\u03c5\u03c4\u03ae \u03b7 \u03b4\u03b9\u03b1\u03c0\u03b5\u03c1\u03b1\u03c4\u03cc\u03c4\u03b7\u03c4\u03b1 \u03c4\u03c9\u03bd \u03c0\u03bf\u03bb\u03b9\u03c4\u03b9\u03ba\u03ce\u03bd \u03c3\u03c7\u03ad\u03c3\u03b5\u03c9\u03bd, \u03bc\u03b5 \u03bc\u03b9\u03b1 \u03c6\u03c1\u03ac\u03c3\u03b7: \u03cc\u03c4\u03b1\u03bd \u03b1\u03af\u03c1\u03b5\u03c4\u03b1\u03b9 \u03b7 \u03c0\u03bf\u03bb\u03b9\u03c4\u03b9\u03ba\u03ae \u03c0\u03bf\u03b9\u03cc\u03c4\u03b7\u03c4\u03b1 \u03c4\u03bf\u03c5 \u03b4\u03b9\u03ba\u03b1\u03af\u03bf\u03c5. \u03a3\u03af\u03b3\u03bf\u03c5\u03c1\u03bf \u03b5\u03af\u03bd\u03b1\u03b9 \u03b5\u03bd\u03c4\u03bf\u03cd\u03c4\u03bf\u03b9\u03c2 \u03cc\u03c4\u03b9 \u03b4\u03b5\u03bd \u03c5\u03c6\u03af\u03c3\u03c4\u03b1\u03c4\u03b1\u03b9 \u03b4\u03b9\u03ad\u03be\u03bf\u03b4\u03bf\u03c2 \u03b1\u03c0\u03cc \u03c4\u03b7\u03bd \u03c0\u03bf\u03bb\u03cd\u03c0\u03bb\u03b5\u03c5\u03c1\u03b7 \u03ba\u03c1\u03af\u03c3\u03b7 \u03c4\u03b7\u03c2 \u0388\u03bd\u03c9\u03c3\u03b7\u03c2 \u03c7\u03c9\u03c1\u03af\u03c2 \u03c4\u03b7\u03bd \u03b5\u03c0\u03b1\u03bd\u03b1\u03b6\u03c9\u03bf\u03b3\u03cc\u03bd\u03b7\u03c3\u03b7 \u03c4\u03b7\u03c2 \u03b4\u03b7\u03bc\u03bf\u03ba\u03c1\u03b1\u03c4\u03b9\u03ba\u03ae\u03c2 \u03c4\u03b7\u03c2 \u03c3\u03c5\u03bd\u03c4\u03b1\u03b3\u03bc\u03b1\u03c4\u03bf\u03c0\u03bf\u03af\u03b7\u03c3\u03b7\u03c2.<\/p>\n<\/div>\n","protected":false},"featured_media":1750,"comment_status":"closed","ping_status":"closed","template":"","meta":{"_acf_changed":false},"product_brand":[],"product_cat":[25],"product_tag":[138,139,140],"class_list":{"0":"post-1749","1":"product","2":"type-product","3":"status-publish","4":"has-post-thumbnail","6":"product_cat-politiki","7":"product_tag-antonis-metaxas","8":"product_tag-dikeo","9":"product_tag-politiki","11":"first","12":"instock","13":"sale","14":"shipping-taxable","15":"purchasable","16":"product-type-simple"},"acf":[],"aioseo_notices":[],"_links":{"self":[{"href":"https:\/\/isideris.gr\/index.php?rest_route=\/wp\/v2\/product\/1749","targetHints":{"allow":["GET"]}}],"collection":[{"href":"https:\/\/isideris.gr\/index.php?rest_route=\/wp\/v2\/product"}],"about":[{"href":"https:\/\/isideris.gr\/index.php?rest_route=\/wp\/v2\/types\/product"}],"replies":[{"embeddable":true,"href":"https:\/\/isideris.gr\/index.php?rest_route=%2Fwp%2Fv2%2Fcomments&post=1749"}],"wp:featuredmedia":[{"embeddable":true,"href":"https:\/\/isideris.gr\/index.php?rest_route=\/wp\/v2\/media\/1750"}],"wp:attachment":[{"href":"https:\/\/isideris.gr\/index.php?rest_route=%2Fwp%2Fv2%2Fmedia&parent=1749"}],"wp:term":[{"taxonomy":"product_brand","embeddable":true,"href":"https:\/\/isideris.gr\/index.php?rest_route=%2Fwp%2Fv2%2Fproduct_brand&post=1749"},{"taxonomy":"product_cat","embeddable":true,"href":"https:\/\/isideris.gr\/index.php?rest_route=%2Fwp%2Fv2%2Fproduct_cat&post=1749"},{"taxonomy":"product_tag","embeddable":true,"href":"https:\/\/isideris.gr\/index.php?rest_route=%2Fwp%2Fv2%2Fproduct_tag&post=1749"}],"curies":[{"name":"wp","href":"https:\/\/api.w.org\/{rel}","templated":true}]}}